 - 12. Let l(m) = 7*m**3 + 2*m**2 + 3*m + 4. Let h(n) = 3*k(n) + 8*l(n). Give h(-5).
-4
Let z(x) = x**2 - x - 1. Let l = 33 - 13. Suppose -4*c - c + 2 = -3*g, 4*c = 2*g + 4. Suppose -h + g*h = l. Calculate z(h).
11
Let g(a) = -40*a**3 + a**2 - a + 1. Let w(r) = 38*r**2 + 77*r + 3. Let q be w(-2). What is g(q)?
-39
Let n(k) = 1 + 3*k**2 - 4*k**2 + 7. Let w = -356 - -350. What is n(w)?
-28
Let p(w) be the third derivative of -w**5/20 + 25*w**4/24 + 7*w**3/2 - 692*w**2. What is p(9)?
3
Let v be (0 - (1 + 1)) + 2/2. Let s(p) be the first derivative of -9/2*p**2 + 5 + p. Calculate s(v).
10
Let g = -9 - -11. Let u(r) = r**3 - 6*r**g + 80 + 3*r + 2*r**2 - 86. Determine u(4).
6
Let a(o) = -2*o**3 - o - 1. Let c(s) = -8*s + 214. Let p be c(27). Determine a(p).
17
Let j(v) = -8*v**3 - 7*v**3 + 19*v**3 - 5*v**3. Calculate j(-2).
8
Let w = 80 + -88. Let q(s) = -3*s**2 + 2*s - 25. Let i(d) = 2*d**2 + 13. Let m(o) = -5*i(o) - 3*q(o). What is m(w)?
-6
Let x(h) = -1 - 157*h**2 + 81*h**2 - h**3 + 75*h**2. Suppose -j = 2*j + 18. Let w be (1 + -2)/((-2)/j). Calculate x(w).
17
Let l(r) = 2*r + 7. Let p(b) = 3*b - 14. Let i be p(5). Let d(y) = y - 1. Let x(h) = i*l(h) - d(h). Give x(-6).
2
Suppose 0 = 2*h - 5 - 1. Let k(w) be the third derivative of -w**4/24 + w**3/2 + 2*w**2. Determine k(h).
0
Let i(x) = x**3 - 5*x**2 + 2*x + 7. Suppose 3*t - 14*t = -55. What is i(t)?
17
Suppose -2*k - 2 = 12. Let d(y) = 9*y**3 + 4*y**2 + y - 9. Let h(w) = 29*w**3 + 11*w**2 + 2*w - 28. Let m(s) = -13*d(s) + 4*h(s). Determine m(k).
-9
Suppose 2*a - 3*j + 37 = -3*a, 0 = 2*j + 2. Let p be (a/(-4))/(2/9). Let m(u) = -3*u - p + 17 + 2*u. What is m(0)?
8
Let u be ((-3)/(-9))/(3/(-9)). Let s = 0 - u. Suppose -s + 10 = -b - v, -2*b - v = 13. Let i(n) = -2*n - 1. What is i(b)?
7
Suppose -15*d + 152 = 47. Let a(g) = g**3 - 7*g**2 + 3. Give a(d).
3
Let v(p) = -4*p**2 - 241 + 19*p - 263 + 22*p + 489 + 2*p**2. Give v(20).
5
Let i be (4 + -4)/(-2) + 6. Let w be 40/30*i/(-4). Let u(x) = 4*x + 1. Calculate u(w).
-7
Let j(i) be the first derivative of i**3/3 - 11*i**2/2 + 15*i - 1. Suppose 29*t = 11*t - 30*t + 480. Determine j(t).
5
Let q(n) = 4 - n - 4 - 12. Let t(u) = -u**2 + 33*u - 116. Let i be t(29). What is q(i)?
-12
Let t(z) = 5*z**2 + 2*z - 2. Let n be t(-3). Let d be ((-2)/7 + 143/182)*82. Let j = n - d. Let f(b) = -b**2 - 6*b - 3. What is f(j)?
5
Let y be 8/(-6) + 1 + 3/9. Let d(t) = -t**2 + t + 5. Calculate d(y).
5
Let z = -3 + 6. Let c(u) be the second derivative of -2/3*u**3 + 0 - 2*u + 0*u**2. Calculate c(z).
-12
Let f = 43 - 68. Let k = -31 - f. Let v(a) = 5*a - 11. Let g(i) = 2*i - 5. Let y(w) = k*v(w) + 14*g(w). Determine y(-6).
8
Let p = 5 + -5. Let i be p/(12/(-3)) - -3. Let v(m) = m**3 - 2*m**2 - 3*m - 3. Give v(i).
-3
Let q be 3 - 3/(-9)*0 - -12. Let r = -15 + q. Let i(v) = -v**2 + 1. Give i(r).
1
Let a(b) be the first derivative of b**7/840 + b**6/72 + b**5/20 + b**4/8 - 11*b**3/3 + 31. Let d(w) be the third derivative of a(w). What is d(-4)?
-5
Let v be ((-3)/(-2))/((-33)/(-110)). Let b(f) = 11*f - v*f + 3 - 2. Let n be -3*(-1 - -3)/(-6). Determine b(n).
7
Let k(z) = z**3 - 9*z**2 - z + 12. Let b be k(9). Let n be ((-10)/b)/(10/(-15)). Let a(j) = j**3 - 3*j**2 - 7*j - 1. What is a(n)?
14
Let s(y) = y**3 - 6*y**2 - 4*y**2 + 27116 - 27112. Give s(10).
4
Let g(x) be the second derivative of x**5/10 + x**4/12 - x**3/6 - 3*x**2/2 - 76*x. Determine g(-2).
-13
Let l(r) = 2*r**2 - 7*r + 17. Let k(h) = h**3 + 9*h**2 - 21*h + 4. Let y be k(-11). Let q(z) = -z**2 + 3*z - 8. Let t(s) = y*q(s) - 3*l(s). What is t(0)?
5
Let m(t) = -t**3 - 6*t**2 - 5*t - 6. Let k be ((-12)/3)/((-30)/(-5) - 5). What is m(k)?
-18
Let a(u) be the third derivative of 1/6*u**4 + 0*u + 1/6*u**3 - 19*u**2 + 0. What is a(-1)?
-3
Let s(b) = b**3 + 16*b**2 + 16*b + 22. Let a be ((-10 - -11)*30)/((-2)/1). Determine s(a).
7
Let h(d) = -3*d**3 + 2*d - 1. Suppose 0 = -3*k + s, -4*k + 15 + 1 = 4*s. What is h(k)?
-2
Let u(j) = 9*j. Let r(l) = -l**2 - 12*l + 129. Let i be r(7). What is u(i)?
-36
Let v(n) = n**3 - 7*n**2 + 6. Let c = -139 - -146. Calculate v(c).
6
Let j(l) = -6. Let s(z) = -5*z - 1. Let i(b) = -6*b - 1. Let n(t) = 4*i(t) - 5*s(t). Let h(q) = -j(q) - n(q). Give h(7).
-2
Let t(g) = -g**3 - g**2 + 3. Suppose -y - 13 + 21 = 2*z, -y = -z + 1. Give t(y).
-9
Let l(h) = -3*h + 4. Let y = 3 + -3. Let i be 9/2 + y - 16/32. Determine l(i).
-8
Suppose 0 = 5*g - 13*g + 16. Let b(p) be the third derivative of -p**6/120 + p**5/60 + p**4/8 - p**3/3 - 12*p**2. Give b(g).
0
Suppose -64*g = -60*g - 12. Let r(x) = -2*x**3 + 2*x**2 + 2*x - 6. Give r(g).
-36
Let f be -2*(0 + 0 + -3). Let o(i) = 7*i + 1. Let l(t) = t - 5. Let k(c) = -12*c + 55. Let r(s) = -6*k(s) - 66*l(s). Let u(h) = f*r(h) - 5*o(h). Determine u(6).
1
Suppose -5*a - x = 12, 5*x = -9*a + 14*a + 30. Let d(r) = 2*r**2 + r + 2. Let c(b) = 2*b**2 + 2*b + 2. Let t(p) = 4*c(p) - 3*d(p). Determine t(a).
5
Let u(w) = 0 - w - 9 - 8 + 16 - 1. Let n(b) = b - 8. Let l be n(14). Calculate u(l).
-8
Let s(t) be the first derivative of -1/6*t**3 + 1 + 0*t + 1/8*t**4 - 1/120*t**6 + 3*t**2 + 1/60*t**5. Let j(g) be the second derivative of s(g). What is j(3)?
-10
Let j(q) be the second derivative of q**6/360 + q**5/30 + 7*q**4/24 + 4*q**3 - 20*q. Let m(v) be the second derivative of j(v). Determine m(-6).
19
Let o(j) = 5*j - 6. Let z(c) = -6*c + 7. Let q(l) = -7*o(l) - 6*z(l). Let x(a) = -7*a - 3. Let k be x(0). Give q(k).
-3
Let g be 6/8 + (-2)/(-8). Let x(a) = a**2 + 7*a + 3. Let l be x(-6). Let c(u) = -2*u**2 + 3*u - 3. Let o(v) = -v + 1. Let i(j) = l*o(j) - c(j). What is i(g)?
2
Let d be 4/(-10)*(-9 - -4). Let c be (-1)/(-2*d/12) - 0. Let q(o) = -2*o**2 + 4*o. Calculate q(c).
-6
Let u(g) = 3 - 691*g + 693*g - 4. Determine u(1).
1
Suppose -88 - 57 = -5*a. Suppose 11 = 3*y + z, -2*y + 2*z + a = 7*z. Let t(j) = 7*j**y + j**3 - 7*j**2 + 8*j**2 + 9. Calculate t(-8).
9
Let i be (2 - (-2 + 7))/(-1). Let y = 119 + -8. Let m(r) = 5 + 112*r - 6*r**2 - 3*r**i + 2*r**3 - y*r. Calculate m(-6).
-1
Let n = 46 + -33. Let c = n - 7. Let s(b) be the third derivative of b**4/12 - 2*b**3/3 + b**2. Give s(c).
8
Let p(s) = -5*s. Let x be (-290)/(-90) - 2/9. Let z(v) = 2*v**3 - 10*v**2 - 9*v + 1 - 3*v**3 + 0*v**x. Let k be z(-9). Calculate p(k).
-5
Let o(r) = -r**2 - 25*r - 132. Let b be o(-8). Let s(j) = -5*j - 1. Give s(b).
-21
Let r(l) = -9*l**3 - 5*l**2 - 6*l - 12. Let u(j) = -2*j**3 - j - 2. Let h(f) = r(f) - 5*u(f). Determine h(5).
-7
Suppose -9 = -3*y, 0 = -j + y - 0 - 1. Let m(q) = -2 + q**3 + 6*q**j + 0*q**2 - 5*q**2. Give m(0).
-2
Let q(o) = 5*o - 27*o + o - o**2 + 5*o + 8*o - 10. Give q(-7).
-3
Let b(j) = 2*j**2 - 10*j + 1. Let f = -1114 - -1121. Give b(f).
29
Let g(s) = -3*s**2 - 23*s - 8. Let w be g(-7). Let r(n) = n**2 - 36 + w + 2*n + 21 + 7*n. Calculate r(-9).
-9
Let b(q) = -2*q**2 + 14*q - 13. Let c be b(6). Let m(g) be the first derivative of -5*g**2/2 + g - 3. Give m(c).
6
Let l(c) = -c**3 - 8*c**2 + 8. Suppose -2*z + 4*f = -4, 0 = -0*z - 4*z - 5*f - 57. Give l(z).
8
Let o = -11 + 14. Let r be 16/4 + (-2 - o). Let i(u) = -u. Give i(r).
1
Let c(b) be the second derivative of 9*b**3/2 + 3*b**2/2 - 383*b. Determine c(1).
30
Let n be (11 + (11 - 7))/(-1). Let r(w) = -5*w - 7. Let x(o) = o - 1. Let y(k) = -r(k) - 4*x(k). What is y(n)?
-4
Let q(i) = 2*i + 3*i - 5 - 6 + 10. Give q(2).
9
Let p(s) = s**2 - 2. Let j be 0*((-3)/12)/((-11)/(-22)). Determine p(j).
-2
Suppose 0 = -3*s - c + 41, -13 = -3*s + 5*c + 34. Let b(t) = -2*t + 27. Calculate b(s).
-1
Suppose 0 = 3*z + 9, 6 = -5*i + 2*i - 5*z. Let y(j) = -j**2 - 10*j - 4. Let d be y(-9). Let m = i - d. Let u(f) = 3*f - 1. What is u(m)?
-7
Let m(n) = 23*n**2 + 2*n. Let g(d) = -8*d**2 - d. Let q be (-22)/99 + (-22)/(-18). Let b be q/(-2*(-1)/(-8)). Let y(o) = b*m(o) - 11*g(o). What is y(2)?
-10
Let u(j) = -j**2 + 9*j - 14. Suppose -s - 68 = -78. What is u(s)?
-24
Let d(h) = h**3 + 5*h**2 + 5*h + 1. Let i(c) = c**3 - 3*c**2 + c - 7. Let q(a) = 3*a**3 - a**2 + a. Let s be q(1). Let k be i(s). Calculate d(k).
-3
Let o = 5 - 1. Suppose 4*m + t + 32 = -3*t, -2*t = -3*m - 4. Let y(k) = -3*k**2 - 4*k + 2. Let l(j) = -j**2. Let n(h) = m*l(h) + y(h). Determine n(o).
2
Let g(w) be the second derivative of w**5/20 - w**4/3 + 2*w**3/3 - 2*w**2 + 3